{"id":12271,"date":"2022-06-21T13:48:16","date_gmt":"2022-06-21T11:48:16","guid":{"rendered":"https:\/\/www.progressives-zentrum.org\/en\/?post_type=person&#038;p=12271"},"modified":"2022-06-21T13:49:55","modified_gmt":"2022-06-21T11:49:55","slug":"desiree-biehl","status":"publish","type":"person","link":"https:\/\/www.progressives-zentrum.org\/en\/person\/desiree-biehl\/","title":{"rendered":"D\u00e9sir\u00e9e Biehl"},"content":{"rendered":"\n<div class=\"wp-block-cover is-light alignfull\" style=\"min-height:150px;aspect-ratio:unset;\"><span aria-hidden=\"true\" class=\"wp-block-cover__background has-light-petroleum-background-color has-background-dim-80 has-background-dim\"><\/span><div class=\"wp-block-cover__inner-container is-layout-flow wp-block-cover-is-layout-flow\">\n<h2 class=\"has-text-align-center wp-block-heading\">About D\u00e9sir\u00e9e Biehl<\/h2>\n\n\n\n<p class=\"has-text-align-center alignsmall\">D\u00e9sir\u00e9e Biehl graduated with a MA Degree in Global Security Studies from the University of Sheffield. Afterwards, she gained a Master\u2019s Degree in the trilingual programme International and European Studies in Nice, Berlin and Rome at the Centre International de Formation Europ\u00e9ene. Beforehand she studied Politics and Administration at the University of Konstanz and Bologna. Her research interests are Security Politics, the EU and Memory Studies.\u00a0 Additionally, she is an EU-Simulation trainer at schools for the Civic Institute.\u00a0She is currently working as a Research Fellow at Villa Vigoni, German-Italian Centre for the European Dialogue.<\/p>\n<\/div><\/div>\n\n\n\n<div class=\"wp-block-cover aligncenter is-light alignfull\" style=\"min-height:376px;aspect-ratio:unset;\"><span aria-hidden=\"true\" class=\"wp-block-cover__background has-light-purple-background-color has-background-dim-100 has-background-dim\"><\/span><div class=\"wp-block-cover__inner-container is-layout-flow wp-block-cover-is-layout-flow\">\n<div class=\"wp-block-group newsletter\"><div class=\"wp-block-group__inner-container is-layout-flow wp-block-group-is-layout-flow\">\n<h2 class=\"wp-block-heading\" id=\"informiert-bleiben\" style=\"font-size:30px\">From Berlin to Brussels &#8211;  Stay up to date on the progressive politics that matter.\u00a0<\/h2>\n\n\n\n<p>Our newsletter gives you all the necessary information about our latest events, studies and debates.<\/p>\n\n\n<div class=\"newsletter-form-wrapper\">  <form action=\"\/en\/newsletter\/\" method=\"get\" class=\"newsletter-form\" id=\"\">     <input type=\"text\" name=\"your-email\" value=\"\" size=\"\" class=\"\" placeholder=\"Email\">     <button type=\"submit\" class=\"newsletter-button\">subscribe<\/button>   <\/form> <\/div>\n<\/div><\/div>\n<\/div><\/div>\n\n\n\n<p><\/p>\n\n\n\n<div class=\"wp-block-cover is-light alignfull\" style=\"min-height:304px;aspect-ratio:unset;\"><span aria-hidden=\"true\" class=\"wp-block-cover__background has-light-grey-background-color has-background-dim-90 has-background-dim\"><\/span><div class=\"wp-block-cover__inner-container is-layout-flow wp-block-cover-is-layout-flow\"><div class=\"wp-block-image\">\n<figure class=\"aligncenter size-full is-resized\"><img loading=\"lazy\" decoding=\"async\" src=\"https:\/\/www.progressives-zentrum.org\/en\/wp-content\/uploads\/sites\/2\/2022\/06\/dpz_2022_claim_EN_positiv_72dpi.png\" alt=\"\" class=\"wp-image-12348\" width=\"578\" height=\"57\"\/><\/figure><\/div>\n\n\n<p class=\"has-text-align-center alignsmall has-medium-font-size\">We develop and debate progressive ideas and bring together leading actors who turn thoughts into action. Our think tank\u2019s goal: making the just transformation a reality. <a href=\"https:\/\/www.progressives-zentrum.org\/en\/about-us\/\" data-type=\"page\" data-id=\"1847\">\u25b8 Learn more<\/a><\/p>\n<\/div><\/div>\n\n\n\n<p><\/p>\n","protected":false},"excerpt":{"rendered":"<p>D\u00e9sir\u00e9e Biehl graduated with a MA Degree in Global Security Studies from the University of Sheffield. Afterwards, she gained a Master\u2019s Degree in the trilingual programme International and European Studies in Nice, Berlin and Rome at the Centre International de Formation Europ\u00e9ene. <\/p>\n","protected":false},"featured_media":12273,"menu_order":0,"template":"","class_list":["post-12271","person","type-person","status-publish","has-post-thumbnail","hentry","person_categories-author"],"acf":[],"yoast_head":"<!-- This site is optimized with the Yoast SEO Premium plugin v24.3 (Yoast SEO v24.3) - https:\/\/yoast.com\/wordpress\/plugins\/seo\/ -->\n<title>D\u00e9sir\u00e9e Biehl - Das Progressive Zentrum - EN<\/title>\n<meta name=\"robots\" content=\"index, follow, max-snippet:-1, max-image-preview:large, max-video-preview:-1\" \/>\n<link rel=\"canonical\" href=\"https:\/\/www.progressives-zentrum.org\/en\/person\/desiree-biehl\/\" \/>\n<meta property=\"og:locale\" content=\"en_US\" \/>\n<meta property=\"og:type\" content=\"article\" \/>\n<meta property=\"og:title\" content=\"D\u00e9sir\u00e9e Biehl\" \/>\n<meta property=\"og:description\" content=\"D\u00e9sir\u00e9e Biehl graduated with a MA Degree in Global Security Studies from the University of Sheffield. Afterwards, she gained a Master\u2019s Degree in the trilingual programme International and European Studies in Nice, Berlin and Rome at the Centre International de Formation Europ\u00e9ene.\" \/>\n<meta property=\"og:url\" content=\"https:\/\/www.progressives-zentrum.org\/en\/person\/desiree-biehl\/\" \/>\n<meta property=\"og:site_name\" content=\"Das Progressive Zentrum - EN\" \/>\n<meta property=\"article:modified_time\" content=\"2022-06-21T11:49:55+00:00\" \/>\n<meta property=\"og:image\" content=\"https:\/\/www.progressives-zentrum.org\/en\/wp-content\/uploads\/sites\/2\/2022\/06\/DNS_De\u0301sire\u0301e_Biehl-500x500-1-600x600-1.jpeg\" \/>\n\t<meta property=\"og:image:width\" content=\"600\" \/>\n\t<meta property=\"og:image:height\" content=\"600\" \/>\n\t<meta property=\"og:image:type\" content=\"image\/jpeg\" \/>\n<meta name=\"twitter:card\" content=\"summary_large_image\" \/>\n<meta name=\"twitter:label1\" content=\"Est. reading time\" \/>\n\t<meta name=\"twitter:data1\" content=\"1 minute\" \/>\n<script type=\"application\/ld+json\" class=\"yoast-schema-graph\">{\"@context\":\"https:\/\/schema.org\",\"@graph\":[{\"@type\":\"WebPage\",\"@id\":\"https:\/\/www.progressives-zentrum.org\/en\/person\/desiree-biehl\/\",\"url\":\"https:\/\/www.progressives-zentrum.org\/en\/person\/desiree-biehl\/\",\"name\":\"D\u00e9sir\u00e9e Biehl - Das Progressive Zentrum - EN\",\"isPartOf\":{\"@id\":\"https:\/\/www.progressives-zentrum.org\/en\/#website\"},\"primaryImageOfPage\":{\"@id\":\"https:\/\/www.progressives-zentrum.org\/en\/person\/desiree-biehl\/#primaryimage\"},\"image\":{\"@id\":\"https:\/\/www.progressives-zentrum.org\/en\/person\/desiree-biehl\/#primaryimage\"},\"thumbnailUrl\":\"https:\/\/www.progressives-zentrum.org\/en\/wp-content\/uploads\/sites\/2\/2022\/06\/DNS_De\u0301sire\u0301e_Biehl-500x500-1-600x600-1.jpeg\",\"datePublished\":\"2022-06-21T11:48:16+00:00\",\"dateModified\":\"2022-06-21T11:49:55+00:00\",\"breadcrumb\":{\"@id\":\"https:\/\/www.progressives-zentrum.org\/en\/person\/desiree-biehl\/#breadcrumb\"},\"inLanguage\":\"en-US\",\"potentialAction\":[{\"@type\":\"ReadAction\",\"target\":[\"https:\/\/www.progressives-zentrum.org\/en\/person\/desiree-biehl\/\"]}]},{\"@type\":\"ImageObject\",\"inLanguage\":\"en-US\",\"@id\":\"https:\/\/www.progressives-zentrum.org\/en\/person\/desiree-biehl\/#primaryimage\",\"url\":\"https:\/\/www.progressives-zentrum.org\/en\/wp-content\/uploads\/sites\/2\/2022\/06\/DNS_De\u0301sire\u0301e_Biehl-500x500-1-600x600-1.jpeg\",\"contentUrl\":\"https:\/\/www.progressives-zentrum.org\/en\/wp-content\/uploads\/sites\/2\/2022\/06\/DNS_De\u0301sire\u0301e_Biehl-500x500-1-600x600-1.jpeg\",\"width\":600,\"height\":600},{\"@type\":\"BreadcrumbList\",\"@id\":\"https:\/\/www.progressives-zentrum.org\/en\/person\/desiree-biehl\/#breadcrumb\",\"itemListElement\":[{\"@type\":\"ListItem\",\"position\":1,\"name\":\"Startseite\",\"item\":\"https:\/\/www.progressives-zentrum.org\/en\/\"},{\"@type\":\"ListItem\",\"position\":2,\"name\":\"Team\",\"item\":\"https:\/\/www.progressives-zentrum.org\/en\/team\/\"},{\"@type\":\"ListItem\",\"position\":3,\"name\":\"D\u00e9sir\u00e9e Biehl\"}]},{\"@type\":\"WebSite\",\"@id\":\"https:\/\/www.progressives-zentrum.org\/en\/#website\",\"url\":\"https:\/\/www.progressives-zentrum.org\/en\/\",\"name\":\"Das Progressive Zentrum - EN\",\"description\":\"Renewing the Promise of Progress.\",\"potentialAction\":[{\"@type\":\"SearchAction\",\"target\":{\"@type\":\"EntryPoint\",\"urlTemplate\":\"https:\/\/www.progressives-zentrum.org\/en\/?s={search_term_string}\"},\"query-input\":{\"@type\":\"PropertyValueSpecification\",\"valueRequired\":true,\"valueName\":\"search_term_string\"}}],\"inLanguage\":\"en-US\"}]}<\/script>\n<!-- \/ Yoast SEO Premium plugin. -->","yoast_head_json":{"title":"D\u00e9sir\u00e9e Biehl - Das Progressive Zentrum - EN","robots":{"index":"index","follow":"follow","max-snippet":"max-snippet:-1","max-image-preview":"max-image-preview:large","max-video-preview":"max-video-preview:-1"},"canonical":"https:\/\/www.progressives-zentrum.org\/en\/person\/desiree-biehl\/","og_locale":"en_US","og_type":"article","og_title":"D\u00e9sir\u00e9e Biehl","og_description":"D\u00e9sir\u00e9e Biehl graduated with a MA Degree in Global Security Studies from the University of Sheffield. Afterwards, she gained a Master\u2019s Degree in the trilingual programme International and European Studies in Nice, Berlin and Rome at the Centre International de Formation Europ\u00e9ene.","og_url":"https:\/\/www.progressives-zentrum.org\/en\/person\/desiree-biehl\/","og_site_name":"Das Progressive Zentrum - EN","article_modified_time":"2022-06-21T11:49:55+00:00","og_image":[{"width":600,"height":600,"url":"https:\/\/www.progressives-zentrum.org\/en\/wp-content\/uploads\/sites\/2\/2022\/06\/DNS_De\u0301sire\u0301e_Biehl-500x500-1-600x600-1.jpeg","type":"image\/jpeg"}],"twitter_card":"summary_large_image","twitter_misc":{"Est. reading time":"1 minute"},"schema":{"@context":"https:\/\/schema.org","@graph":[{"@type":"WebPage","@id":"https:\/\/www.progressives-zentrum.org\/en\/person\/desiree-biehl\/","url":"https:\/\/www.progressives-zentrum.org\/en\/person\/desiree-biehl\/","name":"D\u00e9sir\u00e9e Biehl - Das Progressive Zentrum - EN","isPartOf":{"@id":"https:\/\/www.progressives-zentrum.org\/en\/#website"},"primaryImageOfPage":{"@id":"https:\/\/www.progressives-zentrum.org\/en\/person\/desiree-biehl\/#primaryimage"},"image":{"@id":"https:\/\/www.progressives-zentrum.org\/en\/person\/desiree-biehl\/#primaryimage"},"thumbnailUrl":"https:\/\/www.progressives-zentrum.org\/en\/wp-content\/uploads\/sites\/2\/2022\/06\/DNS_De\u0301sire\u0301e_Biehl-500x500-1-600x600-1.jpeg","datePublished":"2022-06-21T11:48:16+00:00","dateModified":"2022-06-21T11:49:55+00:00","breadcrumb":{"@id":"https:\/\/www.progressives-zentrum.org\/en\/person\/desiree-biehl\/#breadcrumb"},"inLanguage":"en-US","potentialAction":[{"@type":"ReadAction","target":["https:\/\/www.progressives-zentrum.org\/en\/person\/desiree-biehl\/"]}]},{"@type":"ImageObject","inLanguage":"en-US","@id":"https:\/\/www.progressives-zentrum.org\/en\/person\/desiree-biehl\/#primaryimage","url":"https:\/\/www.progressives-zentrum.org\/en\/wp-content\/uploads\/sites\/2\/2022\/06\/DNS_De\u0301sire\u0301e_Biehl-500x500-1-600x600-1.jpeg","contentUrl":"https:\/\/www.progressives-zentrum.org\/en\/wp-content\/uploads\/sites\/2\/2022\/06\/DNS_De\u0301sire\u0301e_Biehl-500x500-1-600x600-1.jpeg","width":600,"height":600},{"@type":"BreadcrumbList","@id":"https:\/\/www.progressives-zentrum.org\/en\/person\/desiree-biehl\/#breadcrumb","itemListElement":[{"@type":"ListItem","position":1,"name":"Startseite","item":"https:\/\/www.progressives-zentrum.org\/en\/"},{"@type":"ListItem","position":2,"name":"Team","item":"https:\/\/www.progressives-zentrum.org\/en\/team\/"},{"@type":"ListItem","position":3,"name":"D\u00e9sir\u00e9e Biehl"}]},{"@type":"WebSite","@id":"https:\/\/www.progressives-zentrum.org\/en\/#website","url":"https:\/\/www.progressives-zentrum.org\/en\/","name":"Das Progressive Zentrum - EN","description":"Renewing the Promise of Progress.","potentialAction":[{"@type":"SearchAction","target":{"@type":"EntryPoint","urlTemplate":"https:\/\/www.progressives-zentrum.org\/en\/?s={search_term_string}"},"query-input":{"@type":"PropertyValueSpecification","valueRequired":true,"valueName":"search_term_string"}}],"inLanguage":"en-US"}]}},"_links":{"self":[{"href":"https:\/\/www.progressives-zentrum.org\/en\/wp-json\/wp\/v2\/person\/12271","targetHints":{"allow":["GET"]}}],"collection":[{"href":"https:\/\/www.progressives-zentrum.org\/en\/wp-json\/wp\/v2\/person"}],"about":[{"href":"https:\/\/www.progressives-zentrum.org\/en\/wp-json\/wp\/v2\/types\/person"}],"version-history":[{"count":4,"href":"https:\/\/www.progressives-zentrum.org\/en\/wp-json\/wp\/v2\/person\/12271\/revisions"}],"predecessor-version":[{"id":12276,"href":"https:\/\/www.progressives-zentrum.org\/en\/wp-json\/wp\/v2\/person\/12271\/revisions\/12276"}],"wp:featuredmedia":[{"embeddable":true,"href":"https:\/\/www.progressives-zentrum.org\/en\/wp-json\/wp\/v2\/media\/12273"}],"wp:attachment":[{"href":"https:\/\/www.progressives-zentrum.org\/en\/wp-json\/wp\/v2\/media?parent=12271"}],"curies":[{"name":"wp","href":"https:\/\/api.w.org\/{rel}","templated":true}]}}

Désirée Biehl

<div class="wp-block-cover is-light alignfull" style="min-height:150px;aspect-ratio:unset;"><span aria-hidden="true" class="wp-block-cover__background has-light-petroleum-background-color has-background-dim-80 has-background-dim"></span><div class="wp-block-cover__inner-container is-layout-flow wp-block-cover-is-layout-flow">
<h2 class="has-text-align-center wp-block-heading">About Désirée Biehl</h2>



<p class="has-text-align-center alignsmall">Désirée Biehl graduated with a MA Degree in Global Security Studies from the University of Sheffield. Afterwards, she gained a Master’s Degree in the trilingual programme International and European Studies in Nice, Berlin and Rome at the Centre International de Formation Européene. Beforehand she studied Politics and Administration at the University of Konstanz and Bologna. Her research interests are Security Politics, the EU and Memory Studies.  Additionally, she is an EU-Simulation trainer at schools for the Civic Institute. She is currently working as a Research Fellow at Villa Vigoni, German-Italian Centre for the European Dialogue.</p>
</div></div>



<div class="wp-block-cover aligncenter is-light alignfull" style="min-height:376px;aspect-ratio:unset;"><span aria-hidden="true" class="wp-block-cover__background has-light-purple-background-color has-background-dim-100 has-background-dim"></span><div class="wp-block-cover__inner-container is-layout-flow wp-block-cover-is-layout-flow">
<div class="wp-block-group newsletter"><div class="wp-block-group__inner-container is-layout-flow wp-block-group-is-layout-flow">
<h2 class="wp-block-heading" id="informiert-bleiben" style="font-size:30px">From Berlin to Brussels &#8211;  Stay up to date on the progressive politics that matter. </h2>



<p>Our newsletter gives you all the necessary information about our latest events, studies and debates.</p>


<div class="newsletter-form-wrapper">  <form action="/en/newsletter/" method="get" class="newsletter-form" id="">     <input type="text" name="your-email" value="" size="" class="" placeholder="Email">     <button type="submit" class="newsletter-button">subscribe</button>   </form> </div>
</div></div>
</div></div>



<p></p>



<div class="wp-block-cover is-light alignfull" style="min-height:304px;aspect-ratio:unset;"><span aria-hidden="true" class="wp-block-cover__background has-light-grey-background-color has-background-dim-90 has-background-dim"></span><div class="wp-block-cover__inner-container is-layout-flow wp-block-cover-is-layout-flow"><div class="wp-block-image">
<figure class="aligncenter size-full is-resized"><img loading="lazy" decoding="async" src="https://www.progressives-zentrum.org/en/wp-content/uploads/sites/2/2022/06/dpz_2022_claim_EN_positiv_72dpi.png" alt="" class="wp-image-12348" width="578" height="57"/></figure></div>


<p class="has-text-align-center alignsmall has-medium-font-size">We develop and debate progressive ideas and bring together leading actors who turn thoughts into action. Our think tank’s goal: making the just transformation a reality. <a href="https://www.progressives-zentrum.org/en/about-us/" data-type="page" data-id="1847">▸ Learn more</a></p>
</div></div>



<p></p>

<p>Désirée Biehl graduated with a MA Degree in Global Security Studies from the University of Sheffield. Afterwards, she gained a Master’s Degree in the trilingual programme International and European Studies in Nice, Berlin and Rome at the Centre International de Formation Européene. </p>

<!-- This site is optimized with the Yoast SEO Premium plugin v24.3 (Yoast SEO v24.3) - https://yoast.com/wordpress/plugins/seo/ -->
<title>Désirée Biehl - Das Progressive Zentrum - EN</title>
<meta name="robots" content="index, follow, max-snippet:-1, max-image-preview:large, max-video-preview:-1" />
<link rel="canonical" href="https://www.progressives-zentrum.org/en/person/desiree-biehl/" />
<meta property="og:locale" content="en_US" />
<meta property="og:type" content="article" />
<meta property="og:title" content="Désirée Biehl" />
<meta property="og:description" content="Désirée Biehl graduated with a MA Degree in Global Security Studies from the University of Sheffield. Afterwards, she gained a Master’s Degree in the trilingual programme International and European Studies in Nice, Berlin and Rome at the Centre International de Formation Européene." />
<meta property="og:url" content="https://www.progressives-zentrum.org/en/person/desiree-biehl/" />
<meta property="og:site_name" content="Das Progressive Zentrum - EN" />
<meta property="article:modified_time" content="2022-06-21T11:49:55+00:00" />
<meta property="og:image" content="https://www.progressives-zentrum.org/en/wp-content/uploads/sites/2/2022/06/DNS_Désirée_Biehl-500x500-1-600x600-1.jpeg" />
	<meta property="og:image:width" content="600" />
	<meta property="og:image:height" content="600" />
	<meta property="og:image:type" content="image/jpeg" />
<meta name="twitter:card" content="summary_large_image" />
<meta name="twitter:label1" content="Est. reading time" />
	<meta name="twitter:data1" content="1 minute" />
<script type="application/ld+json" class="yoast-schema-graph">{"@context":"https://schema.org","@graph":[{"@type":"WebPage","@id":"https://www.progressives-zentrum.org/en/person/desiree-biehl/","url":"https://www.progressives-zentrum.org/en/person/desiree-biehl/","name":"Désirée Biehl - Das Progressive Zentrum - EN","isPartOf":{"@id":"https://www.progressives-zentrum.org/en/#website"},"primaryImageOfPage":{"@id":"https://www.progressives-zentrum.org/en/person/desiree-biehl/#primaryimage"},"image":{"@id":"https://www.progressives-zentrum.org/en/person/desiree-biehl/#primaryimage"},"thumbnailUrl":"https://www.progressives-zentrum.org/en/wp-content/uploads/sites/2/2022/06/DNS_Désirée_Biehl-500x500-1-600x600-1.jpeg","datePublished":"2022-06-21T11:48:16+00:00","dateModified":"2022-06-21T11:49:55+00:00","breadcrumb":{"@id":"https://www.progressives-zentrum.org/en/person/desiree-biehl/#breadcrumb"},"inLanguage":"en-US","potentialAction":[{"@type":"ReadAction","target":["https://www.progressives-zentrum.org/en/person/desiree-biehl/"]}]},{"@type":"ImageObject","inLanguage":"en-US","@id":"https://www.progressives-zentrum.org/en/person/desiree-biehl/#primaryimage","url":"https://www.progressives-zentrum.org/en/wp-content/uploads/sites/2/2022/06/DNS_Désirée_Biehl-500x500-1-600x600-1.jpeg","contentUrl":"https://www.progressives-zentrum.org/en/wp-content/uploads/sites/2/2022/06/DNS_Désirée_Biehl-500x500-1-600x600-1.jpeg","width":600,"height":600},{"@type":"BreadcrumbList","@id":"https://www.progressives-zentrum.org/en/person/desiree-biehl/#breadcrumb","itemListElement":[{"@type":"ListItem","position":1,"name":"Startseite","item":"https://www.progressives-zentrum.org/en/"},{"@type":"ListItem","position":2,"name":"Team","item":"https://www.progressives-zentrum.org/en/team/"},{"@type":"ListItem","position":3,"name":"Désirée Biehl"}]},{"@type":"WebSite","@id":"https://www.progressives-zentrum.org/en/#website","url":"https://www.progressives-zentrum.org/en/","name":"Das Progressive Zentrum - EN","description":"Renewing the Promise of Progress.","potentialAction":[{"@type":"SearchAction","target":{"@type":"EntryPoint","urlTemplate":"https://www.progressives-zentrum.org/en/?s={search_term_string}"},"query-input":{"@type":"PropertyValueSpecification","valueRequired":true,"valueName":"search_term_string"}}],"inLanguage":"en-US"}]}</script>
<!-- / Yoast SEO Premium plugin. -->

Désirée Biehl - Das Progressive Zentrum - EN

Désirée Biehl graduated with a MA Degree in Global Security Studies from the University of Sheffield. Afterwards, she gained a Master’s Degree in the trilingual programme International and European Studies in Nice, Berlin and Rome at the Centre International de Formation Européene.
